{"id":15,"date":"2022-06-02T14:35:17","date_gmt":"2022-06-02T19:35:17","guid":{"rendered":"https:\/\/info.napo.gob.ec\/?page_id=15"},"modified":"2022-07-22T15:00:05","modified_gmt":"2022-07-22T20:00:05","slug":"fortalecimiento-de-talentos-y-capacidades-de-napo","status":"publish","type":"page","link":"https:\/\/info.napo.gob.ec\/?page_id=15","title":{"rendered":""},"content":{"rendered":"\n<div class=\"wp-block-cover alignfull\"><span aria-hidden=\"true\" class=\"wp-block-cover__background has-background-dim-60 has-background-dim\"><\/span><img loading=\"lazy\" decoding=\"async\" width=\"811\" height=\"462\" class=\"wp-block-cover__image-background wp-image-2028\" alt=\"\" src=\"https:\/\/info.napo.gob.ec\/wp-content\/uploads\/2022\/07\/fotoGrupalCursos.png\" data-object-fit=\"cover\" srcset=\"https:\/\/info.napo.gob.ec\/wp-content\/uploads\/2022\/07\/fotoGrupalCursos.png 811w, https:\/\/info.napo.gob.ec\/wp-content\/uploads\/2022\/07\/fotoGrupalCursos-300x171.png 300w, https:\/\/info.napo.gob.ec\/wp-content\/uploads\/2022\/07\/fotoGrupalCursos-768x438.png 768w\" sizes=\"auto, (max-width: 811px) 100vw, 811px\" \/><div class=\"wp-block-cover__inner-container is-layout-flow wp-block-cover-is-layout-flow\">\n<p class=\"has-text-align-center has-large-font-size\"><strong>Fortalecimiento de talentos y capacidades de Napo<\/strong><\/p>\n\n\n\n<p>El fortalecimiento de capacidades constituye una acci\u00f3n prioritaria en el marco de la implementaci\u00f3n de mecanismos de sostenibilidad de recursos naturales, considerado las debilidades y oportunidades de mejora continua institucionales y territoriales de la provincia de Napo.<\/p>\n<\/div><\/div>\n\n\n\n<div class=\"wp-block-cover alignfull has-custom-content-position is-position-center-left\"><span aria-hidden=\"true\" class=\"wp-block-cover__background has-background-dim-60 has-background-dim\"><\/span><img loading=\"lazy\" decoding=\"async\" width=\"812\" height=\"463\" class=\"wp-block-cover__image-background wp-image-2030\" alt=\"\" src=\"https:\/\/info.napo.gob.ec\/wp-content\/uploads\/2022\/07\/produccionSostenible.png\" data-object-fit=\"cover\" srcset=\"https:\/\/info.napo.gob.ec\/wp-content\/uploads\/2022\/07\/produccionSostenible.png 812w, https:\/\/info.napo.gob.ec\/wp-content\/uploads\/2022\/07\/produccionSostenible-300x171.png 300w, https:\/\/info.napo.gob.ec\/wp-content\/uploads\/2022\/07\/produccionSostenible-768x438.png 768w\" sizes=\"auto, (max-width: 812px) 100vw, 812px\" \/><div class=\"wp-block-cover__inner-container is-layout-flow wp-block-cover-is-layout-flow\">\n<p>Fortalecimiento de los actores locales (agricultores, personales t\u00e9cnicos de los Gobiernos Aut\u00f3nomos Descentralizados, miembros de las dependencias del gobierno central, OSC y lideres comunitarios de la provincia de Napo)para incorporar criterios de conservaci\u00f3n y uso sostenible de los Recursos Naturales Renovables en la planificaci\u00f3n y gesti\u00f3n participativa del territorio, mejorando la gobernanza ambiental.<\/p>\n<\/div><\/div>\n\n\n\n<div class=\"wp-block-cover alignfull has-custom-content-position is-position-center-left\"><span aria-hidden=\"true\" class=\"wp-block-cover__background has-background-dim-60 has-background-dim\"><\/span><img loading=\"lazy\" decoding=\"async\" width=\"810\" height=\"463\" class=\"wp-block-cover__image-background wp-image-2033\" alt=\"\" src=\"https:\/\/info.napo.gob.ec\/wp-content\/uploads\/2022\/07\/turismoComunitario.png\" data-object-fit=\"cover\" srcset=\"https:\/\/info.napo.gob.ec\/wp-content\/uploads\/2022\/07\/turismoComunitario.png 810w, https:\/\/info.napo.gob.ec\/wp-content\/uploads\/2022\/07\/turismoComunitario-300x171.png 300w, https:\/\/info.napo.gob.ec\/wp-content\/uploads\/2022\/07\/turismoComunitario-768x439.png 768w\" sizes=\"auto, (max-width: 810px) 100vw, 810px\" \/><div class=\"wp-block-cover__inner-container is-layout-flow wp-block-cover-is-layout-flow\">\n<p class=\"has-background-color has-text-color\">Los invitamos a conocer todo el proceso, navegando por los distintos componentes, donde encontrar\u00e1n informaci\u00f3n sobre las escuelas de campo agr\u00edcolas (ECAs), las escuelas de l\u00edderes ambientales (ELAs), y las opciones de cursos te\u00f3rico-pr\u00e1cticos e instituciones involucradas en cada uno de ellos.<\/p>\n<\/div><\/div>\n\n\n\n<div class=\"wp-block-columns alignwide is-layout-flex wp-container-core-columns-is-layout-28f84493 wp-block-columns-is-layout-flex\">\n<div class=\"wp-block-column is-vertically-aligned-center is-layout-flow wp-block-column-is-layout-flow\" style=\"flex-basis:33.33%\">\n<p class=\"has-custom-info-napo-success-color has-text-color\"><strong>Clausura proceso de fortalecimiento de capacidades a actores t\u00e9cnicos del proyecto GEF-Napo<\/strong><\/p>\n<\/div>\n\n\n\n<div class=\"wp-block-column is-layout-flow wp-block-column-is-layout-flow\" style=\"flex-basis:66.66%\">\n<figure class=\"wp-block-embed is-type-video is-provider-youtube wp-block-embed-youtube wp-embed-aspect-16-9 wp-has-aspect-ratio\"><div class=\"wp-block-embed__wrapper\">\n<iframe loading=\"lazy\" title=\"Prefectura de Napo - Certificaci\u00f3n del proyecto GEF Napo\" width=\"500\" height=\"281\" src=\"https:\/\/www.youtube.com\/embed\/PpR30aLF5mk?feature=oembed\" frameborder=\"0\" allow=\"accelerometer; autoplay; clipboard-write; encrypted-media; gyroscope; picture-in-picture; web-share\" referrerpolicy=\"strict-origin-when-cross-origin\" allowfullscreen><\/iframe>\n<\/div><\/figure>\n<\/div>\n<\/div>\n","protected":false},"excerpt":{"rendered":"<p>Clausura proceso de fortalecimiento de capacidades a actores t\u00e9cnicos del proyecto GEF-Napo<\/p>\n","protected":false},"author":1,"featured_media":0,"parent":0,"menu_order":0,"comment_status":"closed","ping_status":"closed","template":"wp-custom-template-fortalecimiento-capacidades","meta":{"footnotes":""},"class_list":["post-15","page","type-page","status-publish","hentry"],"_links":{"self":[{"href":"https:\/\/info.napo.gob.ec\/index.php?rest_route=\/wp\/v2\/pages\/15","targetHints":{"allow":["GET"]}}],"collection":[{"href":"https:\/\/info.napo.gob.ec\/index.php?rest_route=\/wp\/v2\/pages"}],"about":[{"href":"https:\/\/info.napo.gob.ec\/index.php?rest_route=\/wp\/v2\/types\/page"}],"author":[{"embeddable":true,"href":"https:\/\/info.napo.gob.ec\/index.php?rest_route=\/wp\/v2\/users\/1"}],"replies":[{"embeddable":true,"href":"https:\/\/info.napo.gob.ec\/index.php?rest_route=%2Fwp%2Fv2%2Fcomments&post=15"}],"version-history":[{"count":26,"href":"https:\/\/info.napo.gob.ec\/index.php?rest_route=\/wp\/v2\/pages\/15\/revisions"}],"predecessor-version":[{"id":2057,"href":"https:\/\/info.napo.gob.ec\/index.php?rest_route=\/wp\/v2\/pages\/15\/revisions\/2057"}],"wp:attachment":[{"href":"https:\/\/info.napo.gob.ec\/index.php?rest_route=%2Fwp%2Fv2%2Fmedia&parent=15"}],"curies":[{"name":"wp","href":"https:\/\/api.w.org\/{rel}","templated":true}]}}