{"id":1511,"date":"2022-07-14T11:05:39","date_gmt":"2022-07-14T16:05:39","guid":{"rendered":"https:\/\/info.napo.gob.ec\/?page_id=1511"},"modified":"2022-07-26T10:13:36","modified_gmt":"2022-07-26T15:13:36","slug":"pacto-sumaco-lodge","status":"publish","type":"page","link":"https:\/\/info.napo.gob.ec\/?page_id=1511","title":{"rendered":"Pacto Sumaco Lodge"},"content":{"rendered":"\n<div class=\"wp-block-group is-layout-flow wp-block-group-is-layout-flow\">\n<p>Pacto Sumaco es una comunidad de 73 familias y en promedio 350 habitantes localizada en la parroquia Hatun Sumaku, cant\u00f3n Archidona, Napo, en la zona de amortiguamiento del Parque Nacional Sumaco y es considerado el punto m\u00e1s cercano al volc\u00e1n Sumaco con altitud de 3.732 m.s.n.m. Desde hace m\u00e1s de 10 a\u00f1os vienen gestionando el turismo bajo un modelo de gesti\u00f3n comunitaria para lo cual cuentan con el emprendimiento \u201cPacto Sumaco Lodge\u201d donde destacan las modalidades de turismo como Aventura, Aviturismo, Naturaleza, Gastron\u00f3mico. Las actividades son diversas: fotograf\u00eda, cascadas, senderismo diurno y nocturno, miradores, recorrido por chakras locales, entre otras; todo con la compa\u00f1\u00eda de gu\u00edas locales expertos.<\/p>\n\n\n\n<p>Actualmente presta los servicios de: Alojamiento y alimentaci\u00f3n con capacidad para 16 pax, excursiones. La principal aventura es la traves\u00eda al volc\u00e1n Sumaco para lo cual se requiere de 3 d\u00edas por senderos, bosques y paisajes realmente impresionantes.<\/p>\n\n\n\n<p>Contactos:<\/p>\n\n\n\n<p>Sr. Aladino Andy, Presidente comunidad Pacto Sumaco.<\/p>\n\n\n\n<p>Sr. Hilario Alvarado, Presidente Pacto Sumaco Lodge. Celular: 0939225609<\/p>\n\n\n\n<p>Sr. Germ\u00e1nico Ruiz, Administrador Pacto Sumaco Lodge. Celular: 0982854588<\/p>\n\n\n\n<p>Oficina de Informaci\u00f3n Pacto Sumaco Lodge: Tel\u00e9fono: 063018324<\/p>\n<\/div>\n","protected":false},"excerpt":{"rendered":"<p>Pacto Sumaco es una comunidad de 73 familias y en promedio 350 habitantes localizada en la parroquia Hatun Sumaku, cant\u00f3n Archidona, Napo, en la zona de amortiguamiento del Parque Nacional Sumaco y es considerado el punto m\u00e1s cercano al volc\u00e1n Sumaco con altitud de 3.732 m.s.n.m. Desde hace m\u00e1s de 10 a\u00f1os vienen gestionando el [&hellip;]<\/p>\n","protected":false},"author":1,"featured_media":0,"parent":0,"menu_order":0,"comment_status":"closed","ping_status":"closed","template":"wp-custom-template-turismo-comunitario-template","meta":{"footnotes":""},"class_list":["post-1511","page","type-page","status-publish","hentry"],"_links":{"self":[{"href":"https:\/\/info.napo.gob.ec\/index.php?rest_route=\/wp\/v2\/pages\/1511","targetHints":{"allow":["GET"]}}],"collection":[{"href":"https:\/\/info.napo.gob.ec\/index.php?rest_route=\/wp\/v2\/pages"}],"about":[{"href":"https:\/\/info.napo.gob.ec\/index.php?rest_route=\/wp\/v2\/types\/page"}],"author":[{"embeddable":true,"href":"https:\/\/info.napo.gob.ec\/index.php?rest_route=\/wp\/v2\/users\/1"}],"replies":[{"embeddable":true,"href":"https:\/\/info.napo.gob.ec\/index.php?rest_route=%2Fwp%2Fv2%2Fcomments&post=1511"}],"version-history":[{"count":3,"href":"https:\/\/info.napo.gob.ec\/index.php?rest_route=\/wp\/v2\/pages\/1511\/revisions"}],"predecessor-version":[{"id":2504,"href":"https:\/\/info.napo.gob.ec\/index.php?rest_route=\/wp\/v2\/pages\/1511\/revisions\/2504"}],"wp:attachment":[{"href":"https:\/\/info.napo.gob.ec\/index.php?rest_route=%2Fwp%2Fv2%2Fmedia&parent=1511"}],"curies":[{"name":"wp","href":"https:\/\/api.w.org\/{rel}","templated":true}]}}