{"id":37,"date":"2022-06-02T14:38:17","date_gmt":"2022-06-02T19:38:17","guid":{"rendered":"https:\/\/info.napo.gob.ec\/?page_id=37"},"modified":"2023-08-18T15:07:43","modified_gmt":"2023-08-18T20:07:43","slug":"biblioteca","status":"publish","type":"page","link":"https:\/\/info.napo.gob.ec\/?page_id=37","title":{"rendered":"Biblioteca Virtual"},"content":{"rendered":"\n<div class=\"wp-block-group alignwide has-link-color wp-elements-5ae2538cc632f2ccb3bd39965bf1bc14 is-layout-constrained wp-block-group-is-layout-constrained\">\n<div class=\"wp-block-columns alignwide is-layout-flex wp-container-core-columns-is-layout-28f84493 wp-block-columns-is-layout-flex\">\n<div class=\"wp-block-column is-vertically-aligned-center is-layout-flow wp-block-column-is-layout-flow\" style=\"flex-basis:33.33%\">\n<p class=\"has-custom-info-napo-success-color has-text-color\" style=\"font-style:normal;font-weight:600\">Dise\u00f1o y promoci\u00f3n de paisajes y sistemas de producci\u00f3n agrosilvopastoril que incluyen el manejo sostenible del agua, suelos y bosques, y la mejora de los medios de vidade la poblaci\u00f3n local en la Provincia de Napo<\/p>\n<\/div>\n\n\n\n<div class=\"wp-block-column is-layout-flow wp-block-column-is-layout-flow\" style=\"flex-basis:66.66%\">\n<figure class=\"wp-block-embed is-type-video is-provider-youtube wp-block-embed-youtube wp-embed-aspect-16-9 wp-has-aspect-ratio\"><div class=\"wp-block-embed__wrapper\">\n<iframe loading=\"lazy\" title=\"Dise\u00f1o y promoci\u00f3n de paisajes y sistemas de producci\u00f3n agrosilvopastoril\" width=\"500\" height=\"281\" src=\"https:\/\/www.youtube.com\/embed\/n4lna65Lkeg?feature=oembed\" frameborder=\"0\" allow=\"accelerometer; autoplay; clipboard-write; encrypted-media; gyroscope; picture-in-picture; web-share\" referrerpolicy=\"strict-origin-when-cross-origin\" allowfullscreen><\/iframe>\n<\/div><\/figure>\n<\/div>\n<\/div>\n<\/div>\n\n\n\n<div class=\"wp-block-group alignwide has-foreground-color has-text-color has-link-color wp-elements-49a858ba3284e6c71aaf9857c9c2aff0 is-layout-constrained wp-block-group-is-layout-constrained\" style=\"padding-top:6rem;padding-bottom:4rem\">\n<div class=\"wp-block-columns alignwide is-layout-flex wp-container-core-columns-is-layout-28f84493 wp-block-columns-is-layout-flex\">\n<div class=\"wp-block-column is-layout-flow wp-block-column-is-layout-flow\" style=\"flex-basis:66.66%\">\n<figure class=\"wp-block-embed is-type-video is-provider-youtube wp-block-embed-youtube wp-embed-aspect-16-9 wp-has-aspect-ratio\"><div class=\"wp-block-embed__wrapper\">\n<iframe loading=\"lazy\" title=\"Promoci\u00f3n del biocomercio y del turismo comunitario\" width=\"500\" height=\"281\" src=\"https:\/\/www.youtube.com\/embed\/-l4ff5TinXQ?feature=oembed\" frameborder=\"0\" allow=\"accelerometer; autoplay; clipboard-write; encrypted-media; gyroscope; picture-in-picture; web-share\" referrerpolicy=\"strict-origin-when-cross-origin\" allowfullscreen><\/iframe>\n<\/div><\/figure>\n<\/div>\n\n\n\n<div class=\"wp-block-column is-vertically-aligned-center is-layout-flow wp-block-column-is-layout-flow\" style=\"flex-basis:33.33%\">\n<p class=\"has-custom-info-napo-success-color has-text-color\" style=\"font-style:normal;font-weight:600\">Promoci\u00f3n del biocomercio y del turismo comunitario sostenible como estrategias de conservaci\u00f3n de la biodiversidad, manejo sostenible de los recursos naturales y mejoramiento de medios de vida de comunidades locales.<\/p>\n<\/div>\n<\/div>\n<\/div>\n\n\n\n<div class=\"wp-block-group alignwide is-layout-flow wp-block-group-is-layout-flow\">\n<h2 class=\"wp-block-heading alignwide\">Librer\u00eda<\/h2>\n\n\n\n<p>En esta secci\u00f3n encontrar\u00e1s documentos de inter\u00e9s sobre los recursos naturales.<\/p>\n<\/div>\n\n\n\n<div class=\"wp-block-group alignwide is-layout-flow wp-block-group-is-layout-flow\">\n<div class=\"wp-block-group is-vertical is-layout-flex wp-container-core-group-is-layout-fe9cc265 wp-block-group-is-layout-flex\">\n<div class=\"wp-block-file\"><a id=\"wp-block-file--media-a9ace3fb-84ee-40ef-9835-502c3e5bcbbf\" href=\"https:\/\/info.napo.gob.ec\/wp-content\/uploads\/2022\/06\/Zonificacion_Ecologica_Economica_Provincia-Napo.pdf\">Zonificaci\u00f3n Ecol\u00f3gica Econ\u00f3mica Provincia Napo<\/a><a href=\"https:\/\/info.napo.gob.ec\/wp-content\/uploads\/2022\/06\/Zonificacion_Ecologica_Economica_Provincia-Napo.pdf\" class=\"wp-block-file__button wp-element-button\" download aria-describedby=\"wp-block-file--media-a9ace3fb-84ee-40ef-9835-502c3e5bcbbf\"><i class=\"fas fa-download\"><\/i><\/a><\/div>\n\n\n\n<div class=\"wp-block-file\"><a id=\"wp-block-file--media-4ba2ae29-64d1-4dd2-aab9-c07b99e757e8\" href=\"https:\/\/info.napo.gob.ec\/wp-content\/uploads\/2022\/06\/Sistematizacion_Enfoque_Genero_GEF-Napo.pdf\">Sistematizaci\u00f3n Enfoque de G\u00e9nero GEFNapo<\/a><a href=\"https:\/\/info.napo.gob.ec\/wp-content\/uploads\/2022\/06\/Sistematizacion_Enfoque_Genero_GEF-Napo.pdf\" class=\"wp-block-file__button wp-element-button\" download aria-describedby=\"wp-block-file--media-4ba2ae29-64d1-4dd2-aab9-c07b99e757e8\"><i class=\"fas fa-download\"><\/i><\/a><\/div>\n\n\n\n<div class=\"wp-block-file\"><a id=\"wp-block-file--media-20195d54-998d-45d0-a6ae-f599395bcbfa\" href=\"https:\/\/info.napo.gob.ec\/wp-content\/uploads\/2022\/06\/Sistematizacion_CLPI_GEF-Napo.pdf\">Sistematizaci\u00f3n CLPI GEF Napo<\/a><a href=\"https:\/\/info.napo.gob.ec\/wp-content\/uploads\/2022\/06\/Sistematizacion_CLPI_GEF-Napo.pdf\" class=\"wp-block-file__button wp-element-button\" download aria-describedby=\"wp-block-file--media-20195d54-998d-45d0-a6ae-f599395bcbfa\"><i class=\"fas fa-download\"><\/i><\/a><\/div>\n\n\n\n<div class=\"wp-block-file\"><a id=\"wp-block-file--media-86d7bd06-79ff-4727-82c8-d581f7ff91e7\" href=\"https:\/\/info.napo.gob.ec\/wp-content\/uploads\/2022\/06\/Propuesta_Plan_Desarrollo-y-Ordenamiento-Territorial_Provincial_Napo.pdf\">Propuesta Plan Desarrollo y Ordenamiento Territorial Provincial Napo<\/a><a href=\"https:\/\/info.napo.gob.ec\/wp-content\/uploads\/2022\/06\/Propuesta_Plan_Desarrollo-y-Ordenamiento-Territorial_Provincial_Napo.pdf\" class=\"wp-block-file__button wp-element-button\" download aria-describedby=\"wp-block-file--media-86d7bd06-79ff-4727-82c8-d581f7ff91e7\"><i class=\"fas fa-download\"><\/i><\/a><\/div>\n\n\n\n<div class=\"wp-block-file\"><a id=\"wp-block-file--media-a7946f55-e382-49dd-bcfc-c3ed6a36fbbb\" href=\"https:\/\/info.napo.gob.ec\/wp-content\/uploads\/2022\/06\/Propuesta_Estrategia_Manejo_Forestal_Sostenible-Napo.pdf\">Propuesta Estrat\u00e9gia Manejo Forestal Sostenible Napo<\/a><a href=\"https:\/\/info.napo.gob.ec\/wp-content\/uploads\/2022\/06\/Propuesta_Estrategia_Manejo_Forestal_Sostenible-Napo.pdf\" class=\"wp-block-file__button wp-element-button\" download aria-describedby=\"wp-block-file--media-a7946f55-e382-49dd-bcfc-c3ed6a36fbbb\"><i class=\"fas fa-download\"><\/i><\/a><\/div>\n\n\n\n<div class=\"wp-block-file\"><a id=\"wp-block-file--media-3fd2a968-da63-43a1-97ee-d897cb03fde6\" href=\"https:\/\/info.napo.gob.ec\/wp-content\/uploads\/2022\/06\/Propuesta_ampliacion_Reserva_Biosfera_Sumaco-RBS.pdf\">Propuesta ampliaci\u00f3n Reserva Bi\u00f3sfera Sumaco RBS<\/a><a href=\"https:\/\/info.napo.gob.ec\/wp-content\/uploads\/2022\/06\/Propuesta_ampliacion_Reserva_Biosfera_Sumaco-RBS.pdf\" class=\"wp-block-file__button wp-element-button\" download aria-describedby=\"wp-block-file--media-3fd2a968-da63-43a1-97ee-d897cb03fde6\"><i class=\"fas fa-download\"><\/i><\/a><\/div>\n\n\n\n<div class=\"wp-block-file\"><a id=\"wp-block-file--media-d6876324-a94e-451f-9400-29a52d219224\" href=\"https:\/\/info.napo.gob.ec\/wp-content\/uploads\/2022\/06\/Plan_de_Vida_Runashito.pdf\">Plan de Vida Runashito<\/a><a href=\"https:\/\/info.napo.gob.ec\/wp-content\/uploads\/2022\/06\/Plan_de_Vida_Runashito.pdf\" class=\"wp-block-file__button wp-element-button\" download aria-describedby=\"wp-block-file--media-d6876324-a94e-451f-9400-29a52d219224\"><i class=\"fas fa-download\"><\/i><\/a><\/div>\n\n\n\n<div class=\"wp-block-file\"><a id=\"wp-block-file--media-a5083230-197c-4270-bbd4-70ab1238040f\" href=\"https:\/\/info.napo.gob.ec\/wp-content\/uploads\/2022\/06\/Plan_comanejo_Pueblo-Kichwa-Rukullakta-PKR.pdf\">Plan comanejo Pueblo Kichwa Rukullakta (PKR)<\/a><a href=\"https:\/\/info.napo.gob.ec\/wp-content\/uploads\/2022\/06\/Plan_comanejo_Pueblo-Kichwa-Rukullakta-PKR.pdf\" class=\"wp-block-file__button wp-element-button\" download aria-describedby=\"wp-block-file--media-a5083230-197c-4270-bbd4-70ab1238040f\"><i class=\"fas fa-download\"><\/i><\/a><\/div>\n\n\n\n<div class=\"wp-block-file\"><a id=\"wp-block-file--media-e8c09708-98c7-4b45-89ff-8d8201f89850\" href=\"https:\/\/info.napo.gob.ec\/wp-content\/uploads\/2022\/06\/Plan_comanejo_NuevaLibertad.pdf\">Plan comanejo Nueva Libertad<\/a><a href=\"https:\/\/info.napo.gob.ec\/wp-content\/uploads\/2022\/06\/Plan_comanejo_NuevaLibertad.pdf\" class=\"wp-block-file__button wp-element-button\" download aria-describedby=\"wp-block-file--media-e8c09708-98c7-4b45-89ff-8d8201f89850\"><i class=\"fas fa-download\"><\/i><\/a><\/div>\n\n\n\n<div class=\"wp-block-file\"><a id=\"wp-block-file--media-2d3725a9-131f-40a1-8fee-856628b4f846\" href=\"https:\/\/info.napo.gob.ec\/wp-content\/uploads\/2022\/06\/Plan_comanejo_Mari\u0301a-Antonieta.pdf\">Plan comanejo Mari\u0301a Antonieta<\/a><a href=\"https:\/\/info.napo.gob.ec\/wp-content\/uploads\/2022\/06\/Plan_comanejo_Mari\u0301a-Antonieta.pdf\" class=\"wp-block-file__button wp-element-button\" download aria-describedby=\"wp-block-file--media-2d3725a9-131f-40a1-8fee-856628b4f846\"><i class=\"fas fa-download\"><\/i><\/a><\/div>\n\n\n\n<div class=\"wp-block-file\"><a id=\"wp-block-file--media-ad3903a7-8945-4caf-b7a3-9a595ca97ad5\" href=\"https:\/\/info.napo.gob.ec\/wp-content\/uploads\/2022\/06\/Plan_comanejo_ACOKI.pdf\">Plan comanejo ACOKI<\/a><a href=\"https:\/\/info.napo.gob.ec\/wp-content\/uploads\/2022\/06\/Plan_comanejo_ACOKI.pdf\" class=\"wp-block-file__button wp-element-button\" download aria-describedby=\"wp-block-file--media-ad3903a7-8945-4caf-b7a3-9a595ca97ad5\"><i class=\"fas fa-download\"><\/i><\/a><\/div>\n\n\n\n<div class=\"wp-block-file\"><a id=\"wp-block-file--media-96c3a53c-447e-45d7-9a9b-776e9c5fd967\" href=\"https:\/\/info.napo.gob.ec\/wp-content\/uploads\/2022\/06\/Plan_cadena_valor-de-cacao_provincia-Napo.pdf\">Plan Cadena de Valor Cacao Napo<\/a><a href=\"https:\/\/info.napo.gob.ec\/wp-content\/uploads\/2022\/06\/Plan_cadena_valor-de-cacao_provincia-Napo.pdf\" class=\"wp-block-file__button wp-element-button\" download aria-describedby=\"wp-block-file--media-96c3a53c-447e-45d7-9a9b-776e9c5fd967\"><i class=\"fas fa-download\"><\/i><\/a><\/div>\n\n\n\n<div class=\"wp-block-file\"><a id=\"wp-block-file--media-5f6a5d96-b2f3-4395-830f-ffef2847d991\" href=\"https:\/\/info.napo.gob.ec\/wp-content\/uploads\/2022\/06\/PLan_cadena-de-valor_naranjilla_Wamani_Napo.pdf\">Plan Cadena de Valor Naranjilla Wamani Napo<\/a><a href=\"https:\/\/info.napo.gob.ec\/wp-content\/uploads\/2022\/06\/PLan_cadena-de-valor_naranjilla_Wamani_Napo.pdf\" class=\"wp-block-file__button wp-element-button\" download aria-describedby=\"wp-block-file--media-5f6a5d96-b2f3-4395-830f-ffef2847d991\"><i class=\"fas fa-download\"><\/i><\/a><\/div>\n\n\n\n<div class=\"wp-block-file\"><a id=\"wp-block-file--media-895ed6e3-031c-4aa4-8872-cc68df0ed9e0\" href=\"https:\/\/info.napo.gob.ec\/wp-content\/uploads\/2022\/06\/Manual_te\u0301cnico_usuario_SIGRNN2019abril.pdf\">Manual T\u00e9cnico SIGNN 2019<\/a><a href=\"https:\/\/info.napo.gob.ec\/wp-content\/uploads\/2022\/06\/Manual_te\u0301cnico_usuario_SIGRNN2019abril.pdf\" class=\"wp-block-file__button wp-element-button\" download aria-describedby=\"wp-block-file--media-895ed6e3-031c-4aa4-8872-cc68df0ed9e0\"><i class=\"fas fa-download\"><\/i><\/a><\/div>\n\n\n\n<div class=\"wp-block-file\"><a id=\"wp-block-file--media-96fa48cc-3ddf-4f63-8f2a-aa1c67e7571a\" href=\"https:\/\/info.napo.gob.ec\/wp-content\/uploads\/2022\/06\/Manual_Restauracion_Productiva.pdf\">Manual Restauraci\u00f3n Productiva<\/a><a href=\"https:\/\/info.napo.gob.ec\/wp-content\/uploads\/2022\/06\/Manual_Restauracion_Productiva.pdf\" class=\"wp-block-file__button wp-element-button\" download aria-describedby=\"wp-block-file--media-96fa48cc-3ddf-4f63-8f2a-aa1c67e7571a\"><i class=\"fas fa-download\"><\/i><\/a><\/div>\n\n\n\n<div class=\"wp-block-file\"><a id=\"wp-block-file--media-f1245347-f1a9-4a12-b7c8-9804fd25896b\" href=\"https:\/\/info.napo.gob.ec\/wp-content\/uploads\/2022\/06\/Libro-Memorias-_1er-Seminario-Economi\u0301a-de-Recursos-Naturales-y-Biocomercio.pdf\">Libro Memorias 1er Seminario Econom\u00eda de Recursos Naturales y Biocomercio<\/a><a href=\"https:\/\/info.napo.gob.ec\/wp-content\/uploads\/2022\/06\/Libro-Memorias-_1er-Seminario-Economi\u0301a-de-Recursos-Naturales-y-Biocomercio.pdf\" class=\"wp-block-file__button wp-element-button\" download aria-describedby=\"wp-block-file--media-f1245347-f1a9-4a12-b7c8-9804fd25896b\"><i class=\"fas fa-download\"><\/i><\/a><\/div>\n\n\n\n<div class=\"wp-block-file\"><a id=\"wp-block-file--media-5fd9cec9-ff96-46fc-88aa-ad98281a9f0d\" href=\"https:\/\/info.napo.gob.ec\/wp-content\/uploads\/2022\/06\/Gui\u0301a_orientacio\u0301n_tematica_ambiental-PDOT.pdf\">Gu\u00eda de Orientaci\u00f3n Tem\u00e1tica Ambiental PDOT<\/a><a href=\"https:\/\/info.napo.gob.ec\/wp-content\/uploads\/2022\/06\/Gui\u0301a_orientacio\u0301n_tematica_ambiental-PDOT.pdf\" class=\"wp-block-file__button wp-element-button\" download aria-describedby=\"wp-block-file--media-5fd9cec9-ff96-46fc-88aa-ad98281a9f0d\"><i class=\"fas fa-download\"><\/i><\/a><\/div>\n\n\n\n<div class=\"wp-block-file\"><a id=\"wp-block-file--media-fb617f08-d947-4c66-8516-8e185667d220\" href=\"https:\/\/info.napo.gob.ec\/wp-content\/uploads\/2022\/06\/Estudio_factibilidad_FODESNA.pdf\">Estudio Factibilidad FODESNA<\/a><a href=\"https:\/\/info.napo.gob.ec\/wp-content\/uploads\/2022\/06\/Estudio_factibilidad_FODESNA.pdf\" class=\"wp-block-file__button wp-element-button\" download aria-describedby=\"wp-block-file--media-fb617f08-d947-4c66-8516-8e185667d220\"><i class=\"fas fa-download\"><\/i><\/a><\/div>\n\n\n\n<div class=\"wp-block-file\"><a id=\"wp-block-file--media-0513a743-ff6f-4610-8c1a-2d305cde441b\" href=\"https:\/\/info.napo.gob.ec\/wp-content\/uploads\/2022\/06\/Estudio_Efecto_socioecono\u0301mico_ProyectoGEF-Napo.pdf\">Estudio Efecto Socioecon\u00f3mico Proyecto GEF Napo<\/a><a href=\"https:\/\/info.napo.gob.ec\/wp-content\/uploads\/2022\/06\/Estudio_Efecto_socioecono\u0301mico_ProyectoGEF-Napo.pdf\" class=\"wp-block-file__button wp-element-button\" download aria-describedby=\"wp-block-file--media-0513a743-ff6f-4610-8c1a-2d305cde441b\"><i class=\"fas fa-download\"><\/i><\/a><\/div>\n\n\n\n<div class=\"wp-block-file\"><a id=\"wp-block-file--media-4d3de30f-fd8a-49c5-87ba-f8f7462d7d0d\" href=\"https:\/\/info.napo.gob.ec\/wp-content\/uploads\/2022\/06\/Estrategia_Interinsitucional_RRNN_Comite\u0301_RBS.pdf\"><br>Estrat\u00e9gia Interinstitucional RRNN Comit\u00e9 RBS<\/a><a href=\"https:\/\/info.napo.gob.ec\/wp-content\/uploads\/2022\/06\/Estrategia_Interinsitucional_RRNN_Comite\u0301_RBS.pdf\" class=\"wp-block-file__button wp-element-button\" download aria-describedby=\"wp-block-file--media-4d3de30f-fd8a-49c5-87ba-f8f7462d7d0d\"><i class=\"fas fa-download\"><\/i><\/a><\/div>\n\n\n\n<div class=\"wp-block-file\"><a id=\"wp-block-file--media-1be93cc4-638b-4d02-9e5c-163143a09b26\" href=\"https:\/\/info.napo.gob.ec\/wp-content\/uploads\/2022\/06\/Conservacio\u0301n_uso_sostenible_Buen-Vivir_La-Provincia-ecuatoriana-de-Napo.pdf\"><br>Conservaci\u00f3n uso Sostenible Buen Vivir &#8211; Provincia Ecuatoriana de Napo<\/a><a href=\"https:\/\/info.napo.gob.ec\/wp-content\/uploads\/2022\/06\/Conservacio\u0301n_uso_sostenible_Buen-Vivir_La-Provincia-ecuatoriana-de-Napo.pdf\" class=\"wp-block-file__button wp-element-button\" download aria-describedby=\"wp-block-file--media-1be93cc4-638b-4d02-9e5c-163143a09b26\"><i class=\"fas fa-download\"><\/i><\/a><\/div>\n\n\n\n<div class=\"wp-block-file\"><a id=\"wp-block-file--media-e1a65635-344f-4e87-b83c-b418dd5acc6d\" href=\"https:\/\/info.napo.gob.ec\/wp-content\/uploads\/2022\/06\/Anlisis_econo\u0301mico_trazabilidad_productos-maderables.pdf\"><br>An\u00e1lisis Econ\u00f3mico &#8211; Trazabilidad Productos Maderables<\/a><a href=\"https:\/\/info.napo.gob.ec\/wp-content\/uploads\/2022\/06\/Anlisis_econo\u0301mico_trazabilidad_productos-maderables.pdf\" class=\"wp-block-file__button wp-element-button\" download aria-describedby=\"wp-block-file--media-e1a65635-344f-4e87-b83c-b418dd5acc6d\"><i class=\"fas fa-download\"><\/i><\/a><\/div>\n\n\n\n<div class=\"wp-block-file\"><a id=\"wp-block-file--media-82f84b96-6a55-4fd8-907a-047c76826b87\" href=\"https:\/\/info.napo.gob.ec\/wp-content\/uploads\/2022\/06\/BoletinV7.1.pdf\"><br>Bolet\u00edn Informativo septiembre 2018<\/a><a href=\"https:\/\/info.napo.gob.ec\/wp-content\/uploads\/2022\/06\/BoletinV7.1.pdf\" class=\"wp-block-file__button wp-element-button\" download aria-describedby=\"wp-block-file--media-82f84b96-6a55-4fd8-907a-047c76826b87\"><i class=\"fas fa-download\"><\/i><\/a><\/div>\n\n\n\n<div class=\"wp-block-file\"><a id=\"wp-block-file--media-8c27bb3f-a5fa-427b-bf26-4c997fdf705d\" href=\"https:\/\/info.napo.gob.ec\/wp-content\/uploads\/2022\/06\/Acciones-para-impulsar-el-programa-de-la-Agenda-2030-y-los-ODS.pdf\"><br>Acciones para impulsar el programa de la Agenda 2030 y los ODS.pdf<\/a><a href=\"https:\/\/info.napo.gob.ec\/wp-content\/uploads\/2022\/06\/Acciones-para-impulsar-el-programa-de-la-Agenda-2030-y-los-ODS.pdf\" class=\"wp-block-file__button wp-element-button\" download aria-describedby=\"wp-block-file--media-8c27bb3f-a5fa-427b-bf26-4c997fdf705d\"><i class=\"fas fa-download\"><\/i><\/a><\/div>\n\n\n\n<div class=\"wp-block-file\"><a id=\"wp-block-file--media-a74f5479-eabd-4a80-804a-20578d9653f8\" href=\"https:\/\/info.napo.gob.ec\/wp-content\/uploads\/2022\/06\/Declaracion-sociedades-rurales-FAO-FIDA-PMA-IICA.pdf\"><br>Declaraci\u00f3n sociedades rurales FAO-FIDA-PMA-IICA<\/a><a href=\"https:\/\/info.napo.gob.ec\/wp-content\/uploads\/2022\/06\/Declaracion-sociedades-rurales-FAO-FIDA-PMA-IICA.pdf\" class=\"wp-block-file__button wp-element-button\" download aria-describedby=\"wp-block-file--media-a74f5479-eabd-4a80-804a-20578d9653f8\"><i class=\"fas fa-download\"><\/i><\/a><\/div>\n\n\n\n<div class=\"wp-block-file\"><a id=\"wp-block-file--media-bd1a6895-cbad-4e36-ad5c-de29c32cafd3\" href=\"https:\/\/info.napo.gob.ec\/wp-content\/uploads\/2022\/06\/Estado-Actual-Paises-America-del-Sur-y-los-ODS-y-su-vinculacion-con-Sociedades-Rurales.pdf\"><br>Estado Actual Paises America del Sur y los ODS y su vinculacion con Sociedades Rurales<\/a><a href=\"https:\/\/info.napo.gob.ec\/wp-content\/uploads\/2022\/06\/Estado-Actual-Paises-America-del-Sur-y-los-ODS-y-su-vinculacion-con-Sociedades-Rurales.pdf\" class=\"wp-block-file__button wp-element-button\" download aria-describedby=\"wp-block-file--media-bd1a6895-cbad-4e36-ad5c-de29c32cafd3\"><i class=\"fas fa-download\"><\/i><\/a><\/div>\n\n\n\n<div class=\"wp-block-file\"><a id=\"wp-block-file--media-789ab4eb-27da-4473-923b-c438776bbd78\" href=\"https:\/\/info.napo.gob.ec\/wp-content\/uploads\/2022\/06\/FAO-y-los-ODS-Indicadores.pdf\"><br>FAO y los ODS Indicadores<\/a><a href=\"https:\/\/info.napo.gob.ec\/wp-content\/uploads\/2022\/06\/FAO-y-los-ODS-Indicadores.pdf\" class=\"wp-block-file__button wp-element-button\" download aria-describedby=\"wp-block-file--media-789ab4eb-27da-4473-923b-c438776bbd78\"><i class=\"fas fa-download\"><\/i><\/a><\/div>\n\n\n\n<div class=\"wp-block-file\"><a id=\"wp-block-file--media-1ad391ef-d9d9-4f2d-890d-a9e27b851993\" href=\"https:\/\/info.napo.gob.ec\/wp-content\/uploads\/2022\/06\/Manual-Practicas-Agroecologicas-y-proc-transicion.pdf\"><br>Manual Pr\u00e1cticas Agroecol\u00f3gicas y proc transici\u00f3n<\/a><a href=\"https:\/\/info.napo.gob.ec\/wp-content\/uploads\/2022\/06\/Manual-Practicas-Agroecologicas-y-proc-transicion.pdf\" class=\"wp-block-file__button wp-element-button\" download aria-describedby=\"wp-block-file--media-1ad391ef-d9d9-4f2d-890d-a9e27b851993\"><i class=\"fas fa-download\"><\/i><\/a><\/div>\n\n\n\n<div class=\"wp-block-file\"><a id=\"wp-block-file--media-d605f750-2f3a-44ee-aa55-152793a3909f\" href=\"https:\/\/info.napo.gob.ec\/wp-content\/uploads\/2022\/06\/Plan-de-Comanejo-PKR.pdf\">Plan de Comanejo PKR<\/a><a href=\"https:\/\/info.napo.gob.ec\/wp-content\/uploads\/2022\/06\/Plan-de-Comanejo-PKR.pdf\" class=\"wp-block-file__button wp-element-button\" download aria-describedby=\"wp-block-file--media-d605f750-2f3a-44ee-aa55-152793a3909f\"><i class=\"fas fa-download\"><\/i><\/a><\/div>\n\n\n\n<div data-wp-interactive=\"core\/file\" class=\"wp-block-file\"><object data-wp-bind--hidden=\"!state.hasPdfPreview\" hidden class=\"wp-block-file__embed\" data=\"https:\/\/info.napo.gob.ec\/wp-content\/uploads\/2023\/08\/LIBRO-GEF-NAPO-2023.pdf\" type=\"application\/pdf\" style=\"width:100%;height:600px\" aria-label=\"Incrustado de LIBRO-GEF-NAPO-2023.\"><\/object><a id=\"wp-block-file--media-d605f750-2f3a-44ee-aa55-152793a3909f\" href=\"https:\/\/info.napo.gob.ec\/wp-content\/uploads\/2023\/08\/LIBRO-GEF-NAPO-2023.pdf\">LIBRO-GEF-NAPO-2023<\/a><a href=\"https:\/\/info.napo.gob.ec\/wp-content\/uploads\/2023\/08\/LIBRO-GEF-NAPO-2023.pdf\" class=\"wp-block-file__button wp-element-button\" download aria-describedby=\"wp-block-file--media-d605f750-2f3a-44ee-aa55-152793a3909f\"><i class=\"fas fa-download\"><\/i><\/a><\/div>\n<\/div>\n<\/div>\n\n\n\n<p><\/p>\n","protected":false},"excerpt":{"rendered":"<p>Dise\u00f1o y promoci\u00f3n de paisajes y sistemas de producci\u00f3n agrosilvopastoril que incluyen el manejo sostenible del agua, suelos y bosques, y la mejora de los medios de vidade la poblaci\u00f3n local en la Provincia de Napo Promoci\u00f3n del biocomercio y del turismo comunitario sostenible como estrategias de conservaci\u00f3n de la biodiversidad, manejo sostenible de los [&hellip;]<\/p>\n","protected":false},"author":1,"featured_media":455,"parent":0,"menu_order":0,"comment_status":"closed","ping_status":"closed","template":"","meta":{"footnotes":""},"class_list":["post-37","page","type-page","status-publish","has-post-thumbnail","hentry"],"_links":{"self":[{"href":"https:\/\/info.napo.gob.ec\/index.php?rest_route=\/wp\/v2\/pages\/37","targetHints":{"allow":["GET"]}}],"collection":[{"href":"https:\/\/info.napo.gob.ec\/index.php?rest_route=\/wp\/v2\/pages"}],"about":[{"href":"https:\/\/info.napo.gob.ec\/index.php?rest_route=\/wp\/v2\/types\/page"}],"author":[{"embeddable":true,"href":"https:\/\/info.napo.gob.ec\/index.php?rest_route=\/wp\/v2\/users\/1"}],"replies":[{"embeddable":true,"href":"https:\/\/info.napo.gob.ec\/index.php?rest_route=%2Fwp%2Fv2%2Fcomments&post=37"}],"version-history":[{"count":40,"href":"https:\/\/info.napo.gob.ec\/index.php?rest_route=\/wp\/v2\/pages\/37\/revisions"}],"predecessor-version":[{"id":2740,"href":"https:\/\/info.napo.gob.ec\/index.php?rest_route=\/wp\/v2\/pages\/37\/revisions\/2740"}],"wp:featuredmedia":[{"embeddable":true,"href":"https:\/\/info.napo.gob.ec\/index.php?rest_route=\/wp\/v2\/media\/455"}],"wp:attachment":[{"href":"https:\/\/info.napo.gob.ec\/index.php?rest_route=%2Fwp%2Fv2%2Fmedia&parent=37"}],"curies":[{"name":"wp","href":"https:\/\/api.w.org\/{rel}","templated":true}]}}